 - 242. What is the remainder when o(5) is divided by 10?
8
Let k(l) be the first derivative of l**4/4 - 2*l**3/3 + l**2/2 + 4*l + 9. Let u(c) = c**2 - 3*c - 11. Calculate the remainder when u(8) is divided by k(3).
13
Let x = 58 + -54. Suppose -x*s + g + 237 = -39, 0 = -s + 4*g + 84. Calculate the remainder when s is divided by 23.
22
Suppose -5*a - 101 + 361 = 0. Let q = 54 - a. What is the remainder when q is divided by 1?
0
What is the remainder when 610 is divided by 101 - 2 - (-87)/29?
100
Suppose 2*t = a - 11, -a + 7 = -0*t - 3*t. Calculate the remainder when 130 is divided by a.
16
Let r(f) = 6*f + 4. Let j be 6*3/9*1. Let c be r(j). Suppose 4*g + c = 0, 2*h - 5*g - 69 = 21. Calculate the remainder when h is divided by 9.
8
Calculate the remainder when 594 is divided by 1 - (-71)/6 - (-179)/1074.
9
Suppose -40*s + 863 = -37*s + z, -2*s + z = -572. Calculate the remainder when s is divided by 61.
43
Let g be (-1 + (-5)/(-3))/(12/(-2952)). Let y = g + 291. Calculate the remainder when y is divided by 43.
41
Calculate the remainder when -96*-3*4/18 is divided by 25.
14
Let i = -982 - -1099. Calculate the remainder when i is divided by ((-3)/(-6))/((-1)/(-24)).
9
Suppose 112 = 3*g + 4*j - 136, 0 = g + j - 82. Suppose t - 2*t - 30 = -v, 2*v + 2*t = g. What is the remainder when v is divided by 12?
11
Suppose -115 = 4*b + 73. Calculate the remainder when b/(-3) + (-5)/(-15) is divided by 6.
4
Suppose 0 = 5*y + 17*y - 2046. Calculate the remainder when y is divided by 14.
9
Let q = 23 + 94. What is the remainder when q is divided by 24?
21
Suppose 0 = -o - 5*o + 18. What is the remainder when 10 is divided by o?
1
Let y = -21 - -66. Calculate the remainder when y is divided by 10.
5
Let d = 593 + -576. What is the remainder when d is divided by 12?
5
Let v(q) = -2*q**2 + 104*q - 9 - 198*q + 108*q. Calculate the remainder when 7 is divided by v(6).
1
Let v(o) be the second derivative of 0 + 0*o**2 + 2/3*o**4 - 2*o - 1/20*o**5 - 4/3*o**3. What is the remainder when 71 is divided by v(6)?
23
Let d = 25 + -16. Suppose 136*v = 135*v + 42. Let a = 45 - v. What is the remainder when d is divided by a?
0
Suppose 3*n = 4*f + 25, 3*n - 10 = f + 3. Suppose 0 = y + k - 0*k, y = 2*k + n. What is the remainder when 3 is divided by y?
0
Let m(b) = 31*b**3 - 8*b + 6. Calculate the remainder when 63 is divided by m(1).
5
Let r = -5 + 8. Suppose 2*w = -0*q + 3*q + 175, r*q - 300 = -3*w. What is the remainder when w is divided by 12?
11
Let h be 10409/(-77) - (-4)/22. What is the remainder when 9/12 + h/(-12) is divided by 7?
5
Let z = -35 + 64. Suppose 2*r - 48 = -2*d, 0 = -4*r + 2*d - 7*d + 94. Let j = r - 11. What is the remainder when z is divided by j?
14
Let t = 30 - 26. Suppose t*z + 48 = 4*w, 6*w - 51 = w + 2*z. What is the remainder when w is divided by 6?
3
Let j = 126 + -120. Calculate the remainder when 88 is divided by j.
4
Let h(i) = -6*i. Suppose 8*w - 3*w = -55. Let x be h(w). Calculate the remainder when x - (4/(-4) + -3) is divided by 18.
16
Suppose 0 = c + 2*c - 6. Suppose l + 4*k = -l + 12, -6 = l - c*k. Suppose o - 3*x - 82 = -l*o, 4*o - 5*x = 363. Calculate the remainder when o is divided by 25.
22
Suppose -12 = -x - 2*x. Suppose -2*b = -5*l - 67, 0 = b - x*l - 31 - 4. Suppose 15 + 40 = 5*y. What is the remainder when b is divided by y?
9
Suppose -3*y + h = 22, -2*h = 3*y - 0*h + 10. What is the remainder when 35 is divided by -2 + (y/(-4) - 200/(-16))?
11
Let w = -680 - -1327. What is the remainder when w is divided by 54?
53
What is the remainder when (-8)/(-20) - 3236*(-3)/30 is divided by 83?
75
Let k = 28 - -92. What is the remainder when k is divided by 25?
20
Let v be ((-10)/15*24)/(-2). Suppose 0*y - 256 = -v*y. What is the remainder when y is divided by 13?
6
Suppose 0 = 3*d - 0*d - 66. Let v(t) = -t**2 - 22*t + 6. Let f(r) = r**2 - 18*r + 26. Let z be f(15). What is the remainder when v(z) is divided by d?
19
Let b(i) = -i**3 + 8*i**2 + 11*i + 5. Calculate the remainder when b(9) is divided by 14.
9
Let s = 0 - -14. Let k(f) = -f**3 + 12*f**2 - 4*f - 26. Calculate the remainder when k(11) is divided by s/49 - (-122)/14.
6
Suppose -5*m - 216 = -f + 136, -f = 5*m - 332. What is the remainder when f is divided by 15?
12
Suppose 5*n - 175 = -5*b, n - 3*n = 0. Calculate the remainder when 73 is divided by b.
3
Suppose 0 = 16*n + 673 - 865. Calculate the remainder when 658 is divided by n.
10
What is the remainder when 19456/56 + 15/(-35) is divided by 7?
4
Suppose 0 = -4*z + 5*p + 6709, 117*z + 5*p + 5038 = 120*z. Calculate the remainder when z is divided by 18.
15
Suppose -10 = -5*c, 3*n - 17*c - 2583 = -20*c. What is the remainder when n is divided by 5?
4
Let p = 62 + -46. Let n = -144 - -206. What is the remainder when n is divided by p?
14
Let v(j) = 29*j + 154. What is the remainder when 737 is divided by v(-5)?
8
Let y(s) = 3*s**2 + 14*s + 23. Calculate the remainder when 36 is divided by y(-5).
8
Suppose 78 = 7*q - 181. What is the remainder when q is divided by 10?
7
Let a = 5 + 4. Suppose -8*y + a*y - 35 = 0. Calculate the remainder when y is divided by 15.
5
Let y(k) = -k**3 + 10*k**2 + 4*k - 17. Calculate the remainder when 131 is divided by y(10).
16
Suppose 933 = 32*s - 1083. What is the remainder when s is divided by 33*(0 - (-4)/6)?
19
Suppose 6*q = 8*q. Let z be 1 - 1/((-3)/87). Suppose q*f = -3*f + z. Calculate the remainder when 18 is divided by f.
8
Let t = 122 + -120. Suppose -4*b + 0*o + 22 = -t*o, 8 = 2*b - 4*o. What is the remainder when 12 is divided by b?
0
Suppose 0 = x + 3*n - 2 + 3, -4*n + 2 = 2*x. Suppose -3*h + x*p = -117, -3*p - 133 = -4*h + 34. What is the remainder when h is divided by 16?
12
Suppose 8*g + 5558 = g. What is the remainder when (-8)/72 + g/(-18) is divided by 6?
2
Let t(n) = -n**2 - 3*n + 10. Let d be t(-5). Suppose -10*m + 4*m + 198 = d. Calculate the remainder when 164 is divided by m.
32
Let p = -13 + 34. Let w(m) = -m**3 - m**2 - m. Let j be w(-2). Suppose 0 = -j*n + 311 - 77. Calculate the remainder when n is divided by p.
18
Let k(l) = 11*l + 1. Suppose -18*z - 4*r = -14*z - 428, 0 = -4*z + 3*r + 414. What is the remainder when z is divided by k(1)?
9
Suppose -3*k + 24 + 3 = 0. Let p be 36/8*6/k. What is the remainder when 3 is divided by -1 + p + (-1 - -1)?
1
Let i = 232 - 58. What is the remainder when i is divided by 11?
9
Let k(q) = 0 - 2 - 3*q + 5. What is the remainder when k(-5) is divided by 7?
4
Suppose k - 97 = 29. What is the remainder when k is divided by 35?
21
Let g(q) = q**2 + 11*q - 8. Let w be g(-12). Let l be (w/8 - 2)*-2. Suppose 0*h - j + 115 = 2*h, 189 = l*h - 4*j. What is the remainder when h is divided by 15?
14
Let w(y) = -y + 23. Let t(x) = x**3 - 5*x**2 - 9*x + 23. Calculate the remainder when w(11) is divided by t(6).
2
Let u(q) = 23*q**3 - 2*q**2 - 6*q - 5. Let a be u(-1). Let n be 2*3*(-115)/15. Let k = a - n. What is the remainder when 87 is divided by k?
21
Let u(g) = -15*g + 71*g - 2*g. Suppose 27 = -5*a - 2*v + 91, 0 = -4*a - 3*v + 47. What is the remainder when u(1) is divided by a?
12
Suppose 4*z - 317 = -5*u, -3*u + u + 10 = 0. Calculate the remainder when z is divided by 19.
16
Suppose 0 = -24*k + 2723 + 781. Calculate the remainder when k is divided by 11.
3
Let j be 6/4 - (-25)/10. Suppose -3*v + 4*p - 58 = -320, j*p + 82 = v. Suppose 2*i + 2*i = 92. Calculate the remainder when v is divided by i.
21
Suppose -2*a = 2*a - 44. Suppose 10*v = -95 + 145. What is the remainder when a is divided by v?
1
Let x(a) = -30 + 4*a + 0*a + 31. Let k(r) = -r**3 - 2*r**2 + 1. Let y be k(-2). What is the remainder when x(y) is divided by 4?
1
Suppose 88*o = 90*o - 52. What is the remainder when 415 is divided by o?
25
Let l = -293 + 500. Calculate the remainder when l is divided by 35.
32
Suppose -3*v - 4*o = -373, 11*v - 2*o - 230 = 9*v. Calculate the remainder when v is divided by 18.
11
Let d(x) = 5*x**2 - x - 2. Suppose -z - 4 = 3*s - 21, -z = 4*s - 22. Let g be d(z). Suppose -g*b - 3 = -17*b. Calculate the remainder when b is divided by 2.
1
Suppose 0 = -x + 4, -4*y + 826 = -4*x - 982. What is the remainder when y is divided by 133?
57
Let i = 266 + -208. Calculate the remainder when i is divided by 22.
14
Suppose 0 = -2*s - 3*s - y + 46, 0 = 2*s - 